e
Does 12 divide 88836?
True
Is 3 a factor of 1616?
False
Is 47 a factor of 5123?
True
Is 60720 a multiple of 230?
True
Is 2768 a multiple of 4?
True
Is 37 a factor of 1443?
True
Is 11468 a multiple of 5?
False
Is 15 a factor of 15660?
True
Is 17 a factor of 19619?
False
Is 22 a factor of 57524?
False
Is 3 a factor of 208?
False
Is 13 a factor of 34034?
True
Is 3 a factor of 2575?
False
Is 15 a factor of 543?
False
Does 5 divide 445?
True
Is 9 a factor of 1044?
True
Does 45 divide 1395?
True
Is 38 a factor of 579?
False
Is 50 a factor of 6143?
False
Is 15 a factor of 1125?
True
Is 2090 a multiple of 22?
True
Does 4 divide 1674?
False
Is 10 a factor of 8112?
False
Is 19563 a multiple of 13?
False
Does 36 divide 5040?
True
Is 44 a factor of 6009?
False
Is 19539 a multiple of 12?
False
Is 13 a factor of 416?
True
Is 73645 a multiple of 291?
False
Is 11964 a multiple of 17?
False
Is 21933 a multiple of 34?
False
Is 427 a multiple of 7?
True
Is 37 a factor of 7904?
False
Is 42 a multiple of 2?
True
Is 16 a factor of 128?
True
Is 39 a factor of 195?
True
Is 17 a factor of 106662?
False
Does 50 divide 11279?
False
Is 210 a multiple of 6?
True
Is 53 a factor of 1024?
False
Does 49 divide 7448?
True
Does 12 divide 2880?
True
Is 16 a factor of 8016?
True
Does 26 divide 924?
False
Is 181713 a multiple of 119?
True
Does 13 divide 13197?
False
Is 16408 a multiple of 8?
True
Is 49 a factor of 83986?
True
Is 13 a factor of 1014?
True
Is 1381 a multiple of 52?
False
Is 22 a factor of 1034?
True
Is 28 a factor of 907?
False
Is 2 a factor of 224?
True
Does 10 divide 45?
False
Is 79820 a multiple of 52?
True
Is 4 a factor of 368?
True
Is 5 a factor of 3750?
True
Is 86667 a multiple of 21?
True
Does 9 divide 899?
False
Does 19 divide 4674?
True
Does 43 divide 1533?
False
Does 19 divide 1672?
True
Is 6 a factor of 785?
False
Is 21 a factor of 3459?
False
Is 4635 a multiple of 103?
True
Is 18 a factor of 8640?
True
Is 3 a factor of 49?
False
Is 4 a factor of 819?
False
Does 12 divide 296?
False
Does 47 divide 131?
False
Is 14 a factor of 44478?
True
Is 8332 a multiple of 162?
False
Is 14823 a multiple of 81?
True
Is 16 a factor of 835?
False
Is 726 a multiple of 33?
True
Is 10 a factor of 392?
False
Does 65 divide 1884?
False
Is 16986 a multiple of 19?
True
Does 37 divide 1850?
True
Is 9 a factor of 28197?
True
Does 3 divide 150?
True
Is 59817 a multiple of 40?
False
Does 21 divide 10626?
True
Does 45 divide 13365?
True
Is 16497 a multiple of 13?
True
Does 49 divide 1225?
True
Is 363 a multiple of 11?
True
Is 6924 a multiple of 71?
False
Is 4886 a multiple of 6?
False
Is 10140 a multiple of 26?
True
Is 40563 a multiple of 15?
False
Is 36 a factor of 5377?
False
Is 51 a factor of 7323?
False
Does 35 divide 2272?
False
Does 44 divide 1861?
False
Is 4564 even?
True
Is 78791 a multiple of 35?
False
Is 9 a factor of 3828?
False
Is 14 a factor of 165?
False
Is 311 a multiple of 34?
False
Does 15 divide 178?
False
Is 44247 a multiple of 80?
False
Does 20 divide 30080?
True
Is 356 a multiple of 33?
False
Is 2627 a multiple of 66?
False
Does 16 divide 80?
True
Is 40 a factor of 6620?
False
Is 8 a factor of 8763?
False
Is 20 a factor of 3560?
True
Is 206 a factor of 82866?
False
Does 23 divide 782?
True
Is 356 a multiple of 4?
True
Does 55 divide 2530?
True
Is 13 a factor of 4481?
False
Is 362 a multiple of 48?
False
Does 162 divide 1916?
False
Is 651 a multiple of 21?
True
Is 32 a factor of 272?
False
Does 11 divide 1621?
False
Is 92 a factor of 14962?
False
Is 735 a multiple of 35?
True
Is 950 a multiple of 19?
True
Is 39796 a multiple of 3?
False
Does 12 divide 6367?
False
Does 45 divide 37350?
True
Does 10 divide 12598?
False
Is 50 a factor of 10861?
False
Does 19 divide 2061?
False
Is 1210 a multiple of 22?
True
Is 108 even?
True
Does 9 divide 6237?
True
Is 23 a factor of 5681?
True
Does 6 divide 897?
False
Is 64 a factor of 3200?
True
Does 119 divide 11046?
False
Does 18 divide 41?
False
Is 13 a factor of 650?
True
Does 7 divide 41909?
True
Is 231 a multiple of 16?
False
Is 26 a factor of 22618?
False
Is 4257 even?
False
Is 17 a factor of 20413?
False
Is 418 a multiple of 11?
True
Does 19 divide 1494?
False
Is 22984 a multiple of 13?
True
Is 19080 a multiple of 265?
True
Is 990 a multiple of 11?
True
Does 12 divide 11208?
True
Is 3 a factor of 60?
True
Does 5 divide 146?
False
Does 13 divide 403?
True
Is 517 a multiple of 11?
True
Does 8 divide 839?
False
Is 69 a multiple of 3?
True
Is 18288 a multiple of 8?
True
Is 4163 a multiple of 23?
True
Does 14 divide 7981?
False
Does 21 divide 28980?
True
Does 6 divide 7837?
False
Is 5 a factor of 660?
True
Does 43 divide 37096?
False
Is 32727 a multiple of 16?
False
Is 44 a factor of 1150?
False
Does 2 divide 1125?
False
Does 33 divide 2739?
True
Is 85 a factor of 14271?
False
Is 106 a factor of 31270?
True
Does 80 divide 1181?
False
Is 83 a factor of 23007?
False
Does 18 divide 55511?
False
Is 13 a factor of 665?
False
Is 71 a factor of 21022?
False
Is 3244 a multiple of 9?
False
Does 12 divide 7065?
False
Does 17 divide 5802?
False
Is 10116 a multiple of 4?
True
Does 8 divide 96?
True
Does 13 divide 127142?
False
Is 570 a multiple of 95?
True
Does 6 divide 179?
False
Is 37 a factor of 15068?
False
Is 9295 a multiple of 13?
True
Is 1009 a multiple of 66?
False
Is 9462 a multiple of 25?
False
Does 3 divide 531?
True
Is 54722 a multiple of 120?
False
Is 34 a factor of 13102?
False
Does 19 divide 53185?
False
Is 702 a multiple of 42?
False
Is 86 a factor of 4214?
True
Is 51 a factor of 255?
True
Does 265 divide 6625?
True
Is 98 a factor of 15636?
False
Is 14 a factor of 18760?
True
Is 90 a factor of 1019?
False
Is 28502 a multiple of 12?
False
Is 41 a factor of 27501?
False
Is 28 a multiple of 2?
True
Is 13 a factor of 379?
False
Is 13 a factor of 1115?
False
Is 29 a factor of 2088?
True
Is 97 a factor of 5491?
False
Is 624 a multiple of 6?
True
Does 47 divide 361?
False
Is 5 a factor of 595?
True
Is 101 a factor of 3737?
True
Is 3622 a multiple of 15?
False
Is 8305 a multiple of 5?
True
Is 198 a multiple of 36?
False
Is 12 a factor of 1300?
False
Does 10 divide 1873?
False
Is 64 a factor of 1216?
True
Is 53142 a multiple of 19?
False
Is 14762 a multiple of 22?
True
Is 992 a multiple of 32?
True
Is 37 a factor of 12099?
True
Is 125853 a multiple of 39?
True
Does 5 divide 273?
False
Is 1287 a multiple of 11?
True
Is 281 a factor of 26133?
True
Is 632 a multiple of 16?
False
Is 8332 a multiple of 93?
False
Does 31 divide 4429?
False
Is 70490 a multiple of 267?
False
Is 5760 a multiple of 60?
True
Does 11 divide 377?
False
Is 18 a factor of 748?
False
Is 12852 a multiple of 54?
True
Is 51 a factor of 31875?
True
Does 115 divide 7820?
True
Is 348 a multiple of 10?
False
Is 41 a factor of 984?
True
Does 2 divide 1311?
False
Is 1264 a multiple of 16?
True
Does 6 divide 25253?
False
Is 39 a factor of 5265?
True
Is 2545 a multiple of 234?
False
Is 25 a factor of 5360?
False
Is 59 a factor of 3068?
True
Is 24308 a multiple of 118?
True
Is 53 a factor of 20193?
True
Is 2970 a multiple of 45?
True
Is 3 a factor of 1182?
True
Is 25341 a multiple of 116?
False
Is 13460 a multiple of 10?
True
Is 8830 a multiple of 184?
False
Is 28 a factor of 4256?
True
Does 11 divide 418?
True
Is 3900 a multiple of 30?
True
Is 31080 a multiple of 185?
True
Is 1279 a multiple of 21?
False
Does 17 divide 10574?
True
Is 26 a factor of 8190?
True
Does 18 divide 9349?
False
Does 8 divide 1939?
False
Is 11 a factor of 12551?
True
Does 116 divide 1044?
True
Does 104 divide 18431?
False
Is 63 a multiple of 7?
True
Is 29 a factor of 1602?
False
Is 16269 a multiple of 33?
True
Does 5 divide 394?
False
Does 28 divide 698?
False
Does 35 divide 4854?
False
Is 3063 a multiple of 17?
False
Does 14 divide 14728?
True
Is 38 a factor of 35378?
True
Is 981 a multiple of 30?
False
Is 8 a factor of 904?
True
Is 9 a factor of 13?
False
Is 26234 a multiple of 23?
False
Is 2618 a multiple of 17?
True
Is 844 a multiple of 41?
False
Is 13 a factor of 897?
True
Is 78948 a multiple of 54?
True
Does 2 divide 151?
False
Is 5 a factor of 389?
False
Does 8 divide 3088?
True
Is 32 a factor of 9360?
False
Is 6 a factor of 941?
False
Is 77 a factor of 991?
False
Does 35 divide 2662?
Fals